{"id":1000,"date":"2018-08-31T16:26:54","date_gmt":"2018-08-31T19:26:54","guid":{"rendered":"https:\/\/isp22-sfe.infd.edu.ar\/sitio\/re-inscripciones\/"},"modified":"2024-04-11T20:49:57","modified_gmt":"2024-04-11T23:49:57","slug":"re-inscripciones","status":"publish","type":"page","link":"https:\/\/isp22-sfe.infd.edu.ar\/sitio\/re-inscripciones\/","title":{"rendered":"Re-inscripciones"},"content":{"rendered":"<h2><span style=\"font-size: 12pt;\"><strong><span style=\"color: #ff6600; font-family: 'arial black','avant garde';\">Del 18\/03\/2024 al 27\/03\/2024\u00a0 f<\/span><\/strong><\/span><span style=\"font-size: 12pt;\"><strong><span style=\"color: #ff6600; font-family: 'arial black','avant garde';\">echa de re-inscripciones a las unidades curriculares de 2do. a 4to. a\u00f1o de la Formaci\u00f3n Docentes y de 2do. a 3ro. de la Formaci\u00f3n T\u00e9cnica.<\/span><\/strong><\/span><\/h2>\n<h3><\/h3>\n<h4>Planes Actuales:<\/h4>\n<ul>\n<li><a href=\"https:\/\/docs.google.com\/forms\/d\/e\/1FAIpQLSeyD_QTNU1sV9yYj3ZQd56sEqPucntqWN8d0MAl34-H-p5vBg\/viewform\" target=\"_blank\" rel=\"noopener\"><strong>Re-Inscripci\u00f3n a Profesorado de Educaci\u00f3n Primaria RM 528\/2009<\/strong><\/a><\/li>\n<li><a href=\"https:\/\/docs.google.com\/forms\/d\/e\/1FAIpQLScrBGvfFAqxjDYS5QVoxfMuOSNFENn4NWLN39a-A32SAr7Ywg\/viewform\" target=\"_blank\" rel=\"noopener\"><strong>Re-Inscripci\u00f3n a Profesorado de Educaci\u00f3n Secundaria en Matem\u00e1tica RM 2090\/2015<\/strong><\/a><\/li>\n<li><a href=\"https:\/\/docs.google.com\/forms\/d\/e\/1FAIpQLSeZXMLRQjrrMGpwfFPu2YeDm18foiVZmC4NbgVdreIW-bibHw\/viewform\" target=\"_blank\" rel=\"noopener\"><strong>Re-Inscripci\u00f3n a Profesorado de Educaci\u00f3n Secundaria en Ciencias de la Administraci\u00f3n RM 2090\/2015<\/strong><\/a><\/li>\n<li><a href=\"https:\/\/docs.google.com\/forms\/d\/e\/1FAIpQLSfGn4iOiSmW3nAaPoc-4KT2sHHCW_3K1IxP_2EYGPQQhppafQ\/viewform\" target=\"_blank\" rel=\"noopener\"><strong>Re-Inscripci\u00f3n a Profesorado de Educaci\u00f3n Secundaria en Historia RM 1968\/2017<\/strong><\/a><\/li>\n<li><a href=\"https:\/\/docs.google.com\/forms\/d\/e\/1FAIpQLSdx5BHXgx6lUYupJTlUnrSa4AH0XNpt42MwvqlD7nfJ63t9cQ\/viewform\" target=\"_blank\" rel=\"noopener\"><strong>Re-Inscripci\u00f3n a Tecnicatura Superior en Log\u00edstica RM 377\/2016<\/strong><\/a><\/li>\n<li><a href=\"https:\/\/docs.google.com\/forms\/d\/e\/1FAIpQLSd8U2mwVPCngqsmzLPu2_xVOZAWOviQTEP1xu9k_TBBO48xvw\/viewform\" target=\"_blank\" rel=\"noopener\"><strong>Re-Inscripci\u00f3n a Tecnicatura Superior en Gesti\u00f3n de las Organizaciones RM 378\/2016<\/strong><\/a><\/li>\n<li><a href=\"https:\/\/docs.google.com\/forms\/d\/e\/1FAIpQLSfL_JqHBHAGoNhXHJcQ7JcAqd_6tkFqy3oeV0AkT6oEPK_VSg\/viewform\" target=\"_blank\" rel=\"noopener\"><strong>Re-Inscripci\u00f3n a Tecnicatura Superior en Gesti\u00f3n de Energ\u00edas Renovables, Uso Racional y Eficiencia Energ\u00e9tica RM 1631\/2015<\/strong><\/a><\/li>\n<\/ul>\n<h4><strong>Planes Anteriores:<\/strong><\/h4>\n<ul>\n<li><a href=\"https:\/\/docs.google.com\/forms\/d\/e\/1FAIpQLSfMIlWu7DZRNmvlwC7S-TixOlKaVYRJbSBtie4_uqbfAAlWCA\/viewform\" target=\"_blank\" rel=\"noopener\"><strong>Re-Inscripci\u00f3n a Prof. Historia RM 696\/2001<\/strong><\/a><\/li>\n<li><strong><a href=\"https:\/\/docs.google.com\/forms\/d\/e\/1FAIpQLSec45JGNlSxurv3or7Im7RTcdDq4p9u3A0ICxk0TvMC2NOOyQ\/viewform\" target=\"_blank\" rel=\"noopener\">Re-Inscripci\u00f3n a Prof. Cs. Administraci\u00f3n RM 696\/2001<\/a>\u00a0<\/strong><\/li>\n<li><a href=\"https:\/\/docs.google.com\/forms\/d\/e\/1FAIpQLScLi9hJxjCE6YIOYr5SSM8itGsoG0JvqtT3mANvs-yEZJJR7Q\/viewform\" target=\"_blank\" rel=\"noopener\"><strong>Re-Inscripci\u00f3n a Prof. Econom\u00eda RM 696\/2001<\/strong><\/a><\/li>\n<li><a href=\"https:\/\/docs.google.com\/forms\/d\/e\/1FAIpQLSda5uQ_9y9iOn-NG4kPDmNXQp2Y2nUQaEVSXCEnuGyjjLM7Tw\/viewform\" target=\"_blank\" rel=\"noopener\"><strong>Re-Inscripci\u00f3n a Prof. Matem\u00e1tica RM 696\/2001<\/strong><\/a><\/li>\n<li><strong><a href=\"https:\/\/docs.google.com\/forms\/d\/e\/1FAIpQLScVakJOebFqyWfdBI3OWItFkNwYC8MDggyZAjSoSVkmL_DxBA\/viewform\" target=\"_blank\" rel=\"noopener\">Re-Inscripci\u00f3n a Tecnicatura Superior en Administraci\u00f3n de Empresa RM 3010\/2002<\/a><\/strong><\/li>\n<li><strong><a href=\"https:\/\/docs.google.com\/forms\/d\/e\/1FAIpQLSfKd-xB3GXK0Y6Sp2FBXXCjRIOI0qV4PTUgjUjrxKyK5B36kA\/viewform\" target=\"_blank\" rel=\"noopener\">Re-Tecnicatura a Superior en Sistemas de Gesti\u00f3n RM 3010\/2002<\/a><\/strong><\/li>\n<\/ul>\n","protected":false},"excerpt":{"rendered":"<p>Del 18\/03\/2024 al 27\/03\/2024\u00a0 fecha de re-inscripciones a las unidades curriculares de 2do. a 4to. a\u00f1o de la Formaci\u00f3n Docentes y de 2do. a 3ro. de la Formaci\u00f3n T\u00e9cnica. Planes Actuales: Re-Inscripci\u00f3n a Profesorado de Educaci\u00f3n Primaria RM 528\/2009 Re-Inscripci\u00f3n a Profesorado de Educaci\u00f3n Secundaria en Matem\u00e1tica RM 2090\/2015 Re-Inscripci\u00f3n a Profesorado de Educaci\u00f3n Secundaria &#8230; <a title=\"Re-inscripciones\" class=\"read-more\" href=\"https:\/\/isp22-sfe.infd.edu.ar\/sitio\/re-inscripciones\/\" aria-label=\"More on Re-inscripciones\">[+]<\/a><\/p>\n","protected":false},"author":100,"featured_media":0,"parent":0,"menu_order":0,"comment_status":"closed","ping_status":"closed","template":"","meta":[],"acf":[],"_links":{"self":[{"href":"https:\/\/isp22-sfe.infd.edu.ar\/sitio\/wp-json\/wp\/v2\/pages\/1000"}],"collection":[{"href":"https:\/\/isp22-sfe.infd.edu.ar\/sitio\/wp-json\/wp\/v2\/pages"}],"about":[{"href":"https:\/\/isp22-sfe.infd.edu.ar\/sitio\/wp-json\/wp\/v2\/types\/page"}],"author":[{"embeddable":true,"href":"https:\/\/isp22-sfe.infd.edu.ar\/sitio\/wp-json\/wp\/v2\/users\/100"}],"replies":[{"embeddable":true,"href":"https:\/\/isp22-sfe.infd.edu.ar\/sitio\/wp-json\/wp\/v2\/comments?post=1000"}],"version-history":[{"count":34,"href":"https:\/\/isp22-sfe.infd.edu.ar\/sitio\/wp-json\/wp\/v2\/pages\/1000\/revisions"}],"predecessor-version":[{"id":1879,"href":"https:\/\/isp22-sfe.infd.edu.ar\/sitio\/wp-json\/wp\/v2\/pages\/1000\/revisions\/1879"}],"wp:attachment":[{"href":"https:\/\/isp22-sfe.infd.edu.ar\/sitio\/wp-json\/wp\/v2\/media?parent=1000"}],"curies":[{"name":"wp","href":"https:\/\/api.w.org\/{rel}","templated":true}]}}