{"id":1526,"date":"2020-04-09T18:32:26","date_gmt":"2020-04-09T21:32:26","guid":{"rendered":"https:\/\/isp22-sfe.infd.edu.ar\/sitio\/?page_id=1526"},"modified":"2021-03-29T09:30:01","modified_gmt":"2021-03-29T12:30:01","slug":"titularizacion-2020","status":"publish","type":"page","link":"https:\/\/isp22-sfe.infd.edu.ar\/sitio\/titularizacion-2020\/","title":{"rendered":"Titularizaci\u00f3n 2020"},"content":{"rendered":"<h4>Estimados\/das docentes:<\/h4>\n<p>En referencia a la Circular N\u00ba 2 de la Subsecretar\u00eda de Edc. Superior y para ordenar el trabajo en estos tiempos complejos, solicitamos en 1ra instancia que env\u00eden por Mail a equipodirectivoisp22@gmail.com:<\/p>\n<ul>\n<li><em>NOMBRE Y APELLIDO COMPLETO<\/em><\/li>\n<li><em>MAIL<\/em><\/li>\n<li><em>TEL\u00c9FONO<\/em><\/li>\n<li><em>ESPACIO Y CARRERA QUE TOMAN, con ID<\/em><\/li>\n<\/ul>\n<p>Tiempo: hasta el Lunes 13-04-2020<\/p>\n<p>Respecto a los papeles correspondientes, ser\u00e1n entregados cuando comencemos a trabajar en la presencialidad.<\/p>\n<p>Para aquellos docentes que est\u00e1n encuadrados, la toma de posesi\u00f3n es autom\u00e1tica.<\/p>\n<p>Los que tienen que renunciar a horas deben enviar un correo electr\u00f3nico con el Formulario RD-01 con las horas que renuncia a los siguientes correos: gvaliente@santafe.gov.ar o a este otro correo echavez@santafe.gov.ar<\/p>\n<p>Link a Formulario RD-01: <a href=\"https:\/\/isp22-sfe.infd.edu.ar\/sitio\/wp-content\/uploads\/2020\/04\/RD-01.pdf\">Formulario RD-01<\/a><\/p>\n","protected":false},"excerpt":{"rendered":"<p>Estimados\/das docentes: En referencia a la Circular N\u00ba 2 de la Subsecretar\u00eda de Edc. Superior y para ordenar el trabajo en estos tiempos complejos, solicitamos en 1ra instancia que env\u00eden por Mail a equipodirectivoisp22@gmail.com: NOMBRE Y APELLIDO COMPLETO MAIL TEL\u00c9FONO ESPACIO Y CARRERA QUE TOMAN, con ID Tiempo: hasta el Lunes 13-04-2020 Respecto a los &#8230; <a title=\"Titularizaci\u00f3n 2020\" class=\"read-more\" href=\"https:\/\/isp22-sfe.infd.edu.ar\/sitio\/titularizacion-2020\/\" aria-label=\"More on Titularizaci\u00f3n 2020\">[+]<\/a><\/p>\n","protected":false},"author":108,"featured_media":0,"parent":0,"menu_order":0,"comment_status":"closed","ping_status":"closed","template":"","meta":[],"acf":[],"_links":{"self":[{"href":"https:\/\/isp22-sfe.infd.edu.ar\/sitio\/wp-json\/wp\/v2\/pages\/1526"}],"collection":[{"href":"https:\/\/isp22-sfe.infd.edu.ar\/sitio\/wp-json\/wp\/v2\/pages"}],"about":[{"href":"https:\/\/isp22-sfe.infd.edu.ar\/sitio\/wp-json\/wp\/v2\/types\/page"}],"author":[{"embeddable":true,"href":"https:\/\/isp22-sfe.infd.edu.ar\/sitio\/wp-json\/wp\/v2\/users\/108"}],"replies":[{"embeddable":true,"href":"https:\/\/isp22-sfe.infd.edu.ar\/sitio\/wp-json\/wp\/v2\/comments?post=1526"}],"version-history":[{"count":14,"href":"https:\/\/isp22-sfe.infd.edu.ar\/sitio\/wp-json\/wp\/v2\/pages\/1526\/revisions"}],"predecessor-version":[{"id":1775,"href":"https:\/\/isp22-sfe.infd.edu.ar\/sitio\/wp-json\/wp\/v2\/pages\/1526\/revisions\/1775"}],"wp:attachment":[{"href":"https:\/\/isp22-sfe.infd.edu.ar\/sitio\/wp-json\/wp\/v2\/media?parent=1526"}],"curies":[{"name":"wp","href":"https:\/\/api.w.org\/{rel}","templated":true}]}}