{"id":938,"date":"2018-08-31T16:26:30","date_gmt":"2018-08-31T19:26:30","guid":{"rendered":"https:\/\/isp22-sfe.infd.edu.ar\/sitio\/tec-sup-en-gestion-de-las-organizaciones-res-378-2016\/"},"modified":"2020-09-22T16:14:20","modified_gmt":"2020-09-22T19:14:20","slug":"tec-sup-en-gestion-de-las-organizaciones-res-378-2016","status":"publish","type":"page","link":"https:\/\/isp22-sfe.infd.edu.ar\/sitio\/tec-sup-en-gestion-de-las-organizaciones-res-378-2016\/","title":{"rendered":"Tec. Sup. en Gesti\u00f3n de las Organizaciones Res. 378\/2016"},"content":{"rendered":"<p><strong>T\u00cdTULO A OTORGAR:<\/strong><\/p>\n<p><strong>T\u00e9cnico Superior en Gesti\u00f3n de las Organizaciones<\/strong><\/p>\n<p>Res. 378\/2016 &#8211; TECNICATURA SUPERIOR EN GESTI\u00d3N DE LAS ORGANIZACIONES<\/p>\n<p><strong><strong>Duraci\u00f3n de la carrera en a\u00f1os acad\u00e9micos<\/strong>:<\/strong>\u00a03 a\u00f1os<\/p>\n<p><span style=\"text-decoration: underline;\"><span style=\"font-family: 'arial black', 'avant garde'; font-size: 14pt;\">Alcance\u00a0del\u00a0perfil\u00a0profesional<\/span><\/span><\/p>\n<p style=\"text-align: justify;\">El T\u00e9cnico Superior en Gesti\u00f3n de las Organizaciones est\u00e1 capacitado para manifestar conocimientos, habilidades, destrezas, valores y actitudes en situaciones reales de trabajo, conforme a criterios de profesionalidad propios de su \u00e1rea y responsabilidad social al:<\/p>\n<p style=\"text-align: justify;\">\u25cf \u201c<strong><span style=\"color: #339966;\">Planificar, organizar, dirigir y controlar las operaciones relacionadas con las distintas \u00e1reas de la organizaci\u00f3n<\/span><\/strong>, teniendo en cuenta su estrategia y las normas de higiene y seguridad en el trabajo\u201d.<\/p>\n<p style=\"text-align: justify;\">\u25cf \u201c<strong><span style=\"color: #339966;\">Interactuar con los diferentes roles ocupacionales y \u00e1reas organizacionales<\/span><\/strong>, mediante un trabajo en equipo de car\u00e1cter cooperativo, con capacidad para negociar, argumentar y articular propuestas, necesidades y expectativas\u201d.<\/p>\n<p style=\"text-align: justify;\">\u25cf \u201c<strong><span style=\"color: #339966;\">Generar propuestas innovadoras y\/o emprendimientos productivos<\/span><\/strong> propios del \u00e1mbito de la gesti\u00f3n de las organizaciones\u201d.<\/p>\n<p style=\"text-align: justify;\">Para poder desarrollar plenamente su profesionalidad, el t\u00e9cnico superior tiene adem\u00e1s que lograr ciertas capacidades que resultan transversales a todas sus funciones y tienen que ser desarrolladas y promovidas durante el transcurso de su formaci\u00f3n.<\/p>\n<p dir=\"ltr\" style=\"text-align: justify;\">Entre ellas, capacidad de anticipar posibles problemas o consecuencias de sus decisiones o acciones, apertura para considerar y tomar decisiones que resuelvan situaciones imprevistas, capacidad organizativa para planificar y programar acciones, capacidad de liderazgo para conducir al personal operativo, capacidad para la comunicaci\u00f3n apropiada, capacidad para trabajar en equipo, actitud de aprendizaje permanente para actualizar y profundizar sus conocimientos y habilidades y desarrollar una actitud \u00e9tica en su desempe\u00f1o profesional.<\/p>\n<p style=\"text-align: justify;\"><strong>Condiciones de ingreso:<\/strong>\u00a0Estudios Secundarios Completos.<\/p>\n","protected":false},"excerpt":{"rendered":"<p>T\u00cdTULO A OTORGAR: T\u00e9cnico Superior en Gesti\u00f3n de las Organizaciones Res. 378\/2016 &#8211; TECNICATURA SUPERIOR EN GESTI\u00d3N DE LAS ORGANIZACIONES Duraci\u00f3n de la carrera en a\u00f1os acad\u00e9micos:\u00a03 a\u00f1os Alcance\u00a0del\u00a0perfil\u00a0profesional El T\u00e9cnico Superior en Gesti\u00f3n de las Organizaciones est\u00e1 capacitado para manifestar conocimientos, habilidades, destrezas, valores y actitudes en situaciones reales de trabajo, conforme a criterios &#8230; <a title=\"Tec. Sup. en Gesti\u00f3n de las Organizaciones Res. 378\/2016\" class=\"read-more\" href=\"https:\/\/isp22-sfe.infd.edu.ar\/sitio\/tec-sup-en-gestion-de-las-organizaciones-res-378-2016\/\" aria-label=\"More on Tec. Sup. en Gesti\u00f3n de las Organizaciones Res. 378\/2016\">[+]<\/a><\/p>\n","protected":false},"author":100,"featured_media":0,"parent":0,"menu_order":0,"comment_status":"closed","ping_status":"closed","template":"","meta":[],"acf":[],"_links":{"self":[{"href":"https:\/\/isp22-sfe.infd.edu.ar\/sitio\/wp-json\/wp\/v2\/pages\/938"}],"collection":[{"href":"https:\/\/isp22-sfe.infd.edu.ar\/sitio\/wp-json\/wp\/v2\/pages"}],"about":[{"href":"https:\/\/isp22-sfe.infd.edu.ar\/sitio\/wp-json\/wp\/v2\/types\/page"}],"author":[{"embeddable":true,"href":"https:\/\/isp22-sfe.infd.edu.ar\/sitio\/wp-json\/wp\/v2\/users\/100"}],"replies":[{"embeddable":true,"href":"https:\/\/isp22-sfe.infd.edu.ar\/sitio\/wp-json\/wp\/v2\/comments?post=938"}],"version-history":[{"count":2,"href":"https:\/\/isp22-sfe.infd.edu.ar\/sitio\/wp-json\/wp\/v2\/pages\/938\/revisions"}],"predecessor-version":[{"id":1666,"href":"https:\/\/isp22-sfe.infd.edu.ar\/sitio\/wp-json\/wp\/v2\/pages\/938\/revisions\/1666"}],"wp:attachment":[{"href":"https:\/\/isp22-sfe.infd.edu.ar\/sitio\/wp-json\/wp\/v2\/media?parent=938"}],"curies":[{"name":"wp","href":"https:\/\/api.w.org\/{rel}","templated":true}]}}