{"id":949,"date":"2018-08-31T16:26:34","date_gmt":"2018-08-31T19:26:34","guid":{"rendered":"https:\/\/isp22-sfe.infd.edu.ar\/sitio\/datos-institucionales\/"},"modified":"2023-12-19T21:30:02","modified_gmt":"2023-12-20T00:30:02","slug":"datos-institucionales","status":"publish","type":"page","link":"https:\/\/isp22-sfe.infd.edu.ar\/sitio\/datos-institucionales\/","title":{"rendered":"Datos institucionales"},"content":{"rendered":"<h1><span data-mce-mark=\"1\"><strong>En las redes:<\/strong><\/span><\/h1>\n<p><strong>S\u00edguenos en Instagram:<\/strong>\u00a0<strong><a href=\"https:\/\/www.instagram.com\/isp.22\/\" target=\"_blank\" rel=\"noopener\">https:\/\/www.instagram.com\/isp.22\/ <\/a>\u00a0\u00a0<\/strong><\/p>\n<p><strong>Entra a nuestro\u00a0<a href=\"https:\/\/linktr.ee\/isp22\" target=\"_blank\" rel=\"noopener\">https:\/\/linktr.ee\/isp22<\/a>\u00a0 de Instagram para ver toda la informaci\u00f3n de \u00faltimo momento, actualizada y organizada.<\/strong><\/p>\n<h1><span data-mce-mark=\"1\"><strong>Tel\u00e9fono: 0341-4918028<\/strong><\/span><\/h1>\n<h1><span data-mce-mark=\"1\"><strong>Nuestros correos:<\/strong><\/span><\/h1>\n<p><strong>email de direcci\u00f3n: equipodirectivoisp22@gmail.com\u00a0<\/strong><\/p>\n<p><strong>email de secretar\u00eda: secretariaisp22@gmail.com (para todo tema relacionado al personal docente)<\/strong><\/p>\n<p><strong>email administrativo: isp22.sfe@gmail.com\u00a0(para todo tema relacionado a los estudiantes)<\/strong><\/p>\n<p><span style=\"font-size: 14pt;\"><strong>email de plataforma y becas:\u00a0isp22addad@gmail.com<\/strong><\/span><\/p>\n<p><strong>Atenci\u00f3n al p\u00fablico: Lunes a Viernes 18 a 21 h.<\/strong><\/p>\n<p><strong>Av. San Lorenzo 1300 dentro del predio del Batall\u00f3n de Arsenales<\/strong><strong>\u00a0603\u00a0\u2013 Fray Luis Beltr\u00e1n \u2013 Santa Fe<\/strong><\/p>\n<p>El instituto funciona en el mismo edificio de la Escuela Primaria Nro. 6370 \u00abTte. Gral. Pablo Ricchieri\u00bb, en horario vespertino.<\/p>\n","protected":false},"excerpt":{"rendered":"<p>En las redes: S\u00edguenos en Instagram:\u00a0https:\/\/www.instagram.com\/isp.22\/ \u00a0\u00a0 Entra a nuestro\u00a0https:\/\/linktr.ee\/isp22\u00a0 de Instagram para ver toda la informaci\u00f3n de \u00faltimo momento, actualizada y organizada. Tel\u00e9fono: 0341-4918028 Nuestros correos: email de direcci\u00f3n: equipodirectivoisp22@gmail.com\u00a0 email de secretar\u00eda: secretariaisp22@gmail.com (para todo tema relacionado al personal docente) email administrativo: isp22.sfe@gmail.com\u00a0(para todo tema relacionado a los estudiantes) email de plataforma y &#8230; <a title=\"Datos institucionales\" class=\"read-more\" href=\"https:\/\/isp22-sfe.infd.edu.ar\/sitio\/datos-institucionales\/\" aria-label=\"More on Datos institucionales\">[+]<\/a><\/p>\n","protected":false},"author":100,"featured_media":0,"parent":0,"menu_order":0,"comment_status":"closed","ping_status":"closed","template":"","meta":[],"acf":[],"_links":{"self":[{"href":"https:\/\/isp22-sfe.infd.edu.ar\/sitio\/wp-json\/wp\/v2\/pages\/949"}],"collection":[{"href":"https:\/\/isp22-sfe.infd.edu.ar\/sitio\/wp-json\/wp\/v2\/pages"}],"about":[{"href":"https:\/\/isp22-sfe.infd.edu.ar\/sitio\/wp-json\/wp\/v2\/types\/page"}],"author":[{"embeddable":true,"href":"https:\/\/isp22-sfe.infd.edu.ar\/sitio\/wp-json\/wp\/v2\/users\/100"}],"replies":[{"embeddable":true,"href":"https:\/\/isp22-sfe.infd.edu.ar\/sitio\/wp-json\/wp\/v2\/comments?post=949"}],"version-history":[{"count":8,"href":"https:\/\/isp22-sfe.infd.edu.ar\/sitio\/wp-json\/wp\/v2\/pages\/949\/revisions"}],"predecessor-version":[{"id":1877,"href":"https:\/\/isp22-sfe.infd.edu.ar\/sitio\/wp-json\/wp\/v2\/pages\/949\/revisions\/1877"}],"wp:attachment":[{"href":"https:\/\/isp22-sfe.infd.edu.ar\/sitio\/wp-json\/wp\/v2\/media?parent=949"}],"curies":[{"name":"wp","href":"https:\/\/api.w.org\/{rel}","templated":true}]}}